inder when 211780 is divided by 444.
436
What is the remainder when 50944 is divided by 113?
94
Calculate the remainder when 1023785 is divided by 18.
17
What is the remainder when 214356 is divided by 230?
226
Calculate the remainder when 689662 is divided by 64.
62
Calculate the remainder when 252940 is divided by 7.
2
Calculate the remainder when 5090445 is divided by 528.
525
Calculate the remainder when 89960 is divided by 12849.
17
Calculate the remainder when 1957 is divided by 116.
101
What is the remainder when 36273 is divided by 29?
23
What is the remainder when 20720 is divided by 201?
17
Calculate the remainder when 3591 is divided by 1045.
456
What is the remainder when 35598 is divided by 3236?
2
Calculate the remainder when 1179 is divided by 297.
288
What is the remainder when 4944 is divided by 2282?
380
What is the remainder when 10361 is divided by 38?
25
What is the remainder when 3709024 is divided by 289?
287
What is the remainder when 8270 is divided by 4080?
110
What is the remainder when 61368 is divided by 20419?
111
What is the remainder when 5747 is divided by 250?
247
What is the remainder when 26234 is divided by 16?
10
What is the remainder when 68146 is divided by 1195?
31
What is the remainder when 57141 is divided by 1059?
1014
Calculate the remainder when 121402 is divided by 104.
34
Calculate the remainder when 5480 is divided by 1356.
56
What is the remainder when 162915 is divided by 42?
39
Calculate the remainder when 31843 is divided by 127.
93
Calculate the remainder when 9310 is divided by 694.
288
What is the remainder when 93710 is divided by 71?
61
What is the remainder when 125996 is divided by 150?
146
Calculate the remainder when 372 is divided by 35.
22
What is the remainder when 13262 is divided by 51?
2
What is the remainder when 88829 is divided by 304?
61
What is the remainder when 2318 is divided by 1227?
1091
What is the remainder when 6046737 is divided by 210?
207
Calculate the remainder when 16380 is divided by 127.
124
Calculate the remainder when 4762 is divided by 331.
128
What is the remainder when 65504 is divided by 165?
164
Calculate the remainder when 910050 is divided by 148.
146
What is the remainder when 4408 is divided by 1397?
217
Calculate the remainder when 55136 is divided by 125.
11
Calculate the remainder when 47545 is divided by 52.
17
Calculate the remainder when 2006690 is divided by 27.
23
What is the remainder when 41884 is divided by 5982?
10
Calculate the remainder when 17313 is divided by 577.
3
Calculate the remainder when 25170 is divided by 28.
26
Calculate the remainder when 637576 is divided by 54.
52
Calculate the remainder when 13958 is divided by 13923.
35
What is the remainder when 18328 is divided by 15?
13
Calculate the remainder when 40793 is divided by 40786.
7
What is the remainder when 23415 is divided by 833?
91
Calculate the remainder when 4427 is divided by 553.
3
What is the remainder when 2198 is divided by 5?
3
Calculate the remainder when 128250 is divided by 16029.
18
What is the remainder when 31098 is divided by 3884?
26
Calculate the remainder when 99807 is divided by 13.
6
Calculate the remainder when 9535 is divided by 85.
15
What is the remainder when 271 is divided by 49?
26
Calculate the remainder when 938 is divided by 32.
10
Calculate the remainder when 21884 is divided by 7291.
11
Calculate the remainder when 212 is divided by 176.
36
What is the remainder when 624 is divided by 377?
247
What is the remainder when 6227 is divided by 5631?
596
What is the remainder when 2361 is divided by 253?
84
Calculate the remainder when 45051 is divided by 103.
40
Calculate the remainder when 47582 is divided by 492.
350
What is the remainder when 105076 is divided by 105073?
3
Calculate the remainder when 31663 is divided by 10537.
52
What is the remainder when 2363 is divided by 1094?
175
What is the remainder when 85495 is divided by 1818?
49
What is the remainder when 63389 is divided by 38?
5
Calculate the remainder when 321780 is divided by 142.
8
What is the remainder when 19840 is divided by 82?
78
Calculate the remainder when 1605 is divided by 1568.
37
Calculate the remainder when 194767 is divided by 10815.
97
What is the remainder when 21338 is divided by 715?
603
What is the remainder when 3772 is divided by 291?
280
Calculate the remainder when 35143 is divided by 71.
69
Calculate the remainder when 10535 is divided by 1315.
15
Calculate the remainder when 6514 is divided by 76.
54
What is the remainder when 25965 is divided by 381?
57
Calculate the remainder when 14997 is divided by 502.
439
Calculate the remainder when 29714 is divided by 105.
104
Calculate the remainder when 13622 is divided by 77.
70
What is the remainder when 53984 is divided by 12?
8
Calculate the remainder when 900924 is divided by 16.
12
What is the remainder when 22981 is divided by 1220?
1021
What is the remainder when 22170 is divided by 198?
192
Calculate the remainder when 2415 is divided by 510.
375
Calculate the remainder when 24047 is divided by 20.
7
What is the remainder when 808 is divided by 324?
160
Calculate the remainder when 898377 is divided by 69.
66
What is the remainder when 65778 is divided by 110?
108
Calculate the remainder when 1669 is divided by 259.
115
What is the remainder when 79474 is divided by 152?
130
Calculate the remainder when 5361 is divided by 1711.
228
What is the remainder when 2889 is divided by 412?
5
What is the remainder when 12212 is divided by 1246?
998
What is the remainder when 22184 is divided by 73?
65
Calculate the remainder when 7467 is divided by 1307.
932
What is the remainder when 771 is divided by 39?
30
What is the remainder when 155783 is divided by 71?
9
What is the remainder when 8714 is divided by 2899?
17
What is the remainder when 4780 is divided by 399?
391
Calculate the remainder when 2748 is divided by 248.
20
Calculate the remainder when 122020 is divided by 17430.
10
Calculate the remainder when 140481 is divided by 10034.
5
Calculate the remainder when 1205 is divided by 592.
21
What is the remainder when 3221 is divided by 678?
509
What is the remainder when 7838 is divided by 37?
31
Calculate the remainder when 22026 is divided by 432.
426
What is the remainder when 345062 is divided by 2828?
46
What is the remainder when 41775 is divided by 2780?
75
Calculate the remainder when 9563525 is divided by 8.
5
Calculate the remainder when 34568 is divided by 920.
528
What is the remainder when 832 is divided by 400?
32
Calculate the remainder when 109864 is divided by 215.
214
Calculate the remainder when 1413916 is divided by 814.
812
What is the remainder when 116521 is divided by 175?
146
Calculate the remainder when 173974 is divided by 188.
74
What is the remainder when 300 is divided by 73?
8
What is the remainder when 1996 is divided by 409?
360
What is the remainder when 20756 is divided by 547?
517
What is the remainder when 191722 is divided by 4260?
22
What is the remainder when 1178 is divided by 559?
60
What is the remainder when 252942 is divided by 104?
14
What is the remainder when 34514 is divided by 2157?
2
Calculate the remainder when 2401 is divided by 156.
61
Calculate the remainder when 77229 is divided by 1513.
66
What is the remainder when 26990 is divided by 174?
20
What is the remainder when 443965 is divided by 56?
53
Calculate the remainder when 113 is divided by 106.
7
What is the remainder when 4153 is divided by 981?
229
Calculate the remainder when 3528 is divided by 838.
176
Calculate the remainder when 2946 is divided by 1462.
22
Calculate the remainder when 2626 is divided by 315.
106
What is the remainder when 4079 is divided by 78?
23
Calculate the remainder when 94958 is divided by 37.
16
What is the remainder when 8856 is divided by 65?
16
Calculate the remainder when 37989 is divided by 12617.
138
What is the remainder when 1129 is divided by 550?
29
Calculate the remainder when 2514506 is divided by 838166.
8
What is the remainder when 170477 is divided by 297?
296
Calculate the remainder when 64089 is divided by 114.
21
Calculate the remainder when 28879 is divided by 1342.
697
Calculate the remainder when 5982 is divided by 13.
2
Calculate